s of h?
47
Let u(x) = 2686*x**2 - 6*x + 16. List the prime factors of u(3).
2, 6043
Suppose -25 = 2*h + 6*y - y, 5*y = -25. Suppose 0 = -2*x - r + 24, h = -x - 5*r - 9 + 12. List the prime factors of x.
13
List the prime factors of (41859/63 - -5)/(11/77).
2, 3, 11, 71
Suppose -1 - 21 = -2*f. Let u(g) = -g**3 + 11*g**2 + 4*g - 3. Let p be u(f). Let o = -30 + p. What are the prime factors of o?
11
Let w(n) = -20*n**3 - 25*n**2 - 129*n - 15. What are the prime factors of w(-7)?
11, 593
Suppose 2*w - 3*c = -233, -227 = -2*w + 4*w - c. Let f = 114 + w. Suppose f*z + 113 = 455. What are the prime factors of z?
3, 19
Let w = -18473 - -27849. What are the prime factors of w?
2, 293
Let x = -4886 + 2684. List the prime factors of 624/117*x/(-8).
2, 367
Let m(j) be the third derivative of 53*j**4/24 + 2*j**3/3 - 2*j**2 + 5. Suppose 5*l + 0 = 5. List the prime factors of m(l).
3, 19
Let w(d) = -d**3 - 27*d**2 + 44*d + 65. What are the prime factors of w(-38)?
3, 4759
List the prime factors of (3320/(-6))/(((-52)/1404)/((-16)/(-12))).
2, 3, 5, 83
What are the prime factors of (1/2)/(1/10398) + (6 - 10)?
5, 1039
What are the prime factors of 18/(-21) + 9743778/231?
2, 3, 5, 19, 37
Let k be ((-22)/6)/(6/(-18)). Suppose 22*f = k*f + 9394. What are the prime factors of f?
2, 7, 61
Let j be (-1)/5 + 3/15. Let u be (-3244)/(-18) + (-8)/36 + j. Suppose -4*k - 2*d + 388 = -u, -d - 416 = -3*k. What are the prime factors of k?
2, 5, 7
Suppose 12012612 = -1565*q + 1739*q. List the prime factors of q.
2, 34519
Suppose -6*l = l - 126. List the prime factors of ((-430)/25)/(l/(-855)).
19, 43
Let s(m) = m**3 + 7*m**2 + 3*m - 13. Let h be s(-6). Suppose h*a - z - 28 = 9, 4*a - 3*z = 23. Let v(r) = r - 6. What are the prime factors of v(a)?
2
Suppose 2*l + 23688 = -26*l. Let t = l - -1483. What are the prime factors of t?
7, 13
Let d = 80659 + -43785. List the prime factors of d.
2, 103, 179
Let n(z) = 19 - 34*z + 42 - 3. What are the prime factors of n(-5)?
2, 3, 19
Suppose 6 - 82 = -2*q. Let b = -38 + q. Suppose 84*h - 79*h - 640 = b. List the prime factors of h.
2
Let b(i) = -4*i**3 - 2*i**2 - 1. Let r(y) = -2*y**3 + 2. Let j(s) = b(s) - r(s). What are the prime factors of j(-6)?
3, 7, 17
Suppose -1101*f = -1092*f - 86598. What are the prime factors of f?
2, 17, 283
Let k(l) = l**2 + 18*l - 22. What are the prime factors of k(17)?
3, 191
Let o(b) = 5*b**2 - 48*b - 152. Let m(q) = -q**2 - q + 1. Let s(i) = -4*m(i) - o(i). List the prime factors of s(37).
19, 37
Let o be ((-26262)/(-7))/6 + (-12)/42. Suppose 2*i = -5*r + 3102, r + 4*i = -i + o. What are the prime factors of r?
2, 5, 31
Let i(v) be the second derivative of -v**3/3 + 35*v**2/2 - v. Let j be i(18). What are the prime factors of 4/1 + (j - (-2 - 88))?
3, 31
Suppose u - 6174 = -3*i, 2*u - 4*i - 12388 = -0*i. What are the prime factors of u?
2, 3, 1031
Let u = 27 - 21. Let n(v) = -5 + 0 + 2*v + u*v - 2*v. What are the prime factors of n(4)?
19
Let z(m) = -m**3 + 51*m**2 + 118*m - 49. List the prime factors of z(50).
7, 1193
Let q(g) = -5*g + 54. Suppose -25*v + 81 = -16*v. Let o be q(v). Let c(h) = 15*h - 40. What are the prime factors of c(o)?
5, 19
Let l(w) = -319*w + 151. What are the prime factors of l(-24)?
37, 211
Suppose -2*z - 6560 = 3*s + 875, -5*z = 5*s + 18590. Let m = -1904 - z. Suppose -m + 500 = -5*q. What are the prime factors of q?
263
Let h(b) = -b + 3. Let i be h(3). Suppose i = -7*r + 4 + 17. Suppose 4*d = u - 52, r*d - 7*d = 8. What are the prime factors of u?
2, 11
Let f(s) be the second derivative of s**4/6 - 10*s**3/3 - 8*s**2 - 17*s. Let b be f(12). Suppose 36*u = b*u + 32. What are the prime factors of u?
2
Let n(s) = -15*s - 73. Let w be n(-5). Suppose -5*g - 5*k = -1375, -g + 2*g = w*k + 287. What are the prime factors of g?
3, 31
Let v(j) = -1023*j**3 - 6*j**2 + 9*j + 35. What are the prime factors of v(-3)?
5, 1103
What are the prime factors of 6236 + 5/(65/(-156))?
2, 389
Let f be ((-1617)/(-14))/(-7)*40/15. List the prime factors of (f/10)/((-18)/3240).
2, 3, 11
Suppose -6*n + 13*n - 92904 = -49*n. List the prime factors of n.
3, 7, 79
Suppose 437284 = 42*i - 246602. Suppose 11*n - i = 1779. List the prime factors of n.
2, 821
Suppose v - 4*a = -313, 0 = -3*v + 2*a - 3*a - 848. Suppose -373 = 3*m + 824. Let b = v - m. What are the prime factors of b?
2, 3, 19
Let j(i) = 2*i + 32. Let t be j(-15). Suppose 0 = 5*o - t*o + z - 4, 3*z = -3*o. List the prime factors of 15/(-6)*(6/o + -61).
5, 29
Let p(j) = -2*j**2 - 13*j + 9834. What are the prime factors of p(0)?
2, 3, 11, 149
Suppose -24 = -14*h + 4. Suppose 2*n - 785 = -0*n - 5*g, 1615 = 4*n - 5*g. Suppose -o + 212 = 2*s + o, n = 4*s - h*o. List the prime factors of s.
2, 3, 17
Suppose 0 = -2*g + 5*f + 39, -9*g + 4*g + f = -63. List the prime factors of 24*136/g - 4.
2, 67
Let s(v) = 76*v - 6. Let p(j) = 75*j - 5. Let x(g) = 4*p(g) - 5*s(g). Let b be x(-8). Let q = b + -421. What are the prime factors of q?
229
List the prime factors of 3 + 50/(-15) + (-119224)/(-21).
7, 811
Let x = 52 - 46. Suppose -x*h - 378 = -108. Let w = 57 + h. What are the prime factors of w?
2, 3
Suppose c + 5*o = 4209, -2*o - 2*o - 4 = 0. List the prime factors of (c/196)/((-1)/(-6)).
3, 43
Let b(k) be the first derivative of k**4/4 - 19*k**3/3 + 35*k**2/2 + 4*k - 1. Suppose -89 = 76*u - 81*u + 2*c, c + 87 = 5*u. List the prime factors of b(u).
3, 7
Let n = 89 + -83. Suppose -124 - 44 = -n*b. Let h = 205 - b. List the prime factors of h.
3, 59
Suppose 5*d + 4*n = 62, -6*d - 4*n + 22 = -5*d. Suppose u - 2024 = -d*u. List the prime factors of u.
2, 23
Let o = 251 - 798. Let x = o - -1427. Suppose 0 = -16*y + 12*y + x. What are the prime factors of y?
2, 5, 11
Let l(x) = x**3 + 10*x**2 + 20*x + 26. Let b be l(-8). What are the prime factors of 3 + -1 - 3404*b/12?
2, 3, 71
What are the prime factors of -9 + (-165)/(-2)*14600/250?
3, 7, 229
Suppose -4*p + 3407 = 2*q - 39407, 4*p = 15*q + 42865. List the prime factors of p.
5, 2141
Suppose 42109 = 3*p - 0*p + 4*g, -5*p - 4*g = -70171. List the prime factors of p.
3, 1559
Let k = -2869 + 10169. What are the prime factors of k?
2, 5, 73
Suppose 1727 = s - 12709. List the prime factors of s.
2, 3, 401
Let h = -71 + 71. Suppose 7*k - 769 - 743 = h. List the prime factors of k.
2, 3
List the prime factors of ((-3)/(6/14) + -4910)/(-1).
3, 11, 149
Let a = 572 - -22. Suppose 0 = -4*w - 16, 4*w - 5*w + a = 2*f. List the prime factors of f.
13, 23
Let h(i) = -21*i**3 + i**2 + i + 2. Let j be h(-2). Let u be (-68)/408 + 2/12. Suppose -10*k + j - 72 = u. What are the prime factors of k?
2, 5
Let r(u) = -u**3 - u**2 + 3*u - 4. Let w = 42 - 45. Let x be r(w). Suppose 5*t + 111 = b + 2*b, -x*b = -4*t - 172. What are the prime factors of b?
2
Let c(d) = -343*d - 303. List the prime factors of c(-20).
79, 83
Let n(q) = 746*q + 27. Let c be n(3). Suppose -13*k = -18*k + c. List the prime factors of k.
3, 151
Suppose -342*g + 336*g = -8430. Suppose 17*q - 12*q + g = 5*f, -2*f = -3*q - 557. What are the prime factors of f?
2, 11, 13
List the prime factors of 375372/39 - 18/(-234).
5, 7, 11
Suppose 210 = -2*m + 17*m. Suppose 2*p = m*p - 12048. What are the prime factors of p?
2, 251
Suppose -4 = -2*i + 3*i - 2*w, 5*i + 4*w + 20 = 0. Let h(o) = -3*o**3 + 3*o**2 - 3*o - 12. List the prime factors of h(i).
2, 3, 5
Let w(l) = -l**3 + 20*l**2 + 9*l - 40. Let j be w(20). What are the prime factors of j/40*436/7?
2, 109
Let s(b) = -6*b - 2. Let c be s(-3). Suppose 13*k = c*k - 645. List the prime factors of k.
5, 43
Let o(s) = 6*s + 2 - 6*s + 3*s + 25. Let t be 2520/160 - (-1)/4*1. What are the prime factors of o(t)?
3, 5
Let i(u) = 40*u - 20 - u**2 - 24 - 21. What are the prime factors of i(10)?
5, 47
Suppose -53*v + 1496084 + 551836 = 59*v. What are the prime factors of v?
3, 5, 23, 53
Let h(g) be the first derivative of 26*g**3/3 - g**2 + g - 10. Let i be h(1). Let b = -13 + i. What are the prime factors of b?
2, 3
Let r = 38127 + -11248. What are the prime factors of r?
26879
Suppose -80 = -16*d - 0. Suppose -4*v = -16, -x + 641 = -0*x - d*v. List the prime factors of x.
661
Let p be (-2 + 3 + 5/(-5))/(-1). List the prime factors of -2 - p/(-6) - -563.
3, 11, 17
Let f be (-1*845/(-20))/(3/24). What are the prime factors of f + (